d by m.
4
Suppose 464 - 125 = 3*s. Let m = 35 - 6. What is the remainder when s is divided by m?
26
Let d be ((-1)/2)/((-7)/84). Suppose 14 + d = 5*k. Suppose -k*y - 65 = -4*i - 9, -4*y - 12 = 0. Calculate the remainder when i is divided by 4.
3
Let w(z) = 15*z**2 - z - 1. What is the remainder when w(2) is divided by (-163)/(-11) - 14/(-77)*1?
12
Suppose 0 = 3*t - 13 - 2. Suppose t*c = -3*o + 420, 3*c - 4*c - 2*o = -91. Calculate the remainder when c is divided by 21.
18
Suppose 30 - 96 = -3*z. Suppose -4*o = -2*y - o + 30, -2*o = 4. What is the remainder when z is divided by y?
10
Suppose -g - 1 = 0, -2*d - 3*g + 10 = -25. Calculate the remainder when 74 is divided by d.
17
Let s(z) = 2*z - 1. Let q be s(4). Suppose -q = -2*j + 15. Suppose 5*k - 64 = j. Calculate the remainder when 28 is divided by k.
13
Let w = -8 - -6. Let a = 2 - 17. Calculate the remainder when 26 is divided by 15/w*18/a.
8
Suppose 0 = -5*t - 3*h - 27, h = 2*h - 1. Let g be 3/(9/t) + 0. What is the remainder when 26 is divided by g + (-5)/((-15)/48)?
12
Let l(q) = 4*q**2 + q - 1. Let u(f) = -2*f**2 - f + 1. Let b be u(1). Let h be l(b). Let i = 19 - h. Calculate the remainder when 10 is divided by i.
4
Let m = -21 - -32. Calculate the remainder when 80/(-6)*6/(-4) is divided by m.
9
Let z = -21 + 30. Calculate the remainder when 43 is divided by z.
7
Let q = -5 - -28. Let u = -11 + 17. What is the remainder when q is divided by u?
5
Suppose -3*r - 35 = -128. What is the remainder when r is divided by 16?
15
Let c = -37 + 43. What is the remainder when (4 - 7)*(1 + -10) is divided by c?
3
Suppose x = 3*t - 4*x - 21, 3*t = 2*x + 30. Suppose 0 = 3*a - 94 + 31. What is the remainder when a is divided by t?
9
Calculate the remainder when 49 is divided by (-132)/(-5) - 7/((-175)/(-10)).
23
Let x(z) = -z**2 - 7*z - 4. Let m be x(-7). Let f be 1 + -1 + (m - 0). Let k(h) = -h**3 - 3*h**2 + 2. Calculate the remainder when k(f) is divided by 10.
8
Let g(n) = -2*n + 10. What is the remainder when g(-5) is divided by 7?
6
Suppose 0 = -4*d + 10 - 2. Let k(t) = t + 1. Let h(r) = r. Let j be h(1). Calculate the remainder when d is divided by k(j).
0
Let i(p) = -4*p - 4. Let t be i(6). Let l = t - 5. Calculate the remainder when (-6)/l + 339/11 is divided by 11.
9
Suppose -3*n = -46 - 14. Calculate the remainder when n is divided by 11*(-1)/(-3)*3.
9
Let c(s) = -s**3 + 7*s**2 - 7*s + 4. Calculate the remainder when 262 is divided by c(4).
22
Suppose 81 = -2*l + 5*l. What is the remainder when 107 is divided by l?
26
Let j = -58 + 61. Suppose -5*d - 24 = -m, 0*m = 5*m + 5*d - 30. What is the remainder when m is divided by j?
0
Let y = -78 + 89. What is the remainder when y is divided by (-4)/10 + 34/10?
2
Suppose -v = -4 + 1. Suppose -w + 17 = -x - x, -4 = 4*x + 4*w. Let z(t) = t + 13. What is the remainder when z(x) is divided by v?
1
Let w = 108 - 38. Suppose 2*c = -3*c + w. Calculate the remainder when c is divided by 4.
2
Let c be ((-48)/9 - -2)*-3. Suppose -4*b + c = -46. Calculate the remainder when 26 is divided by b.
12
Suppose 2*b = -5*k - 15, 0*b - k = 5*b - 20. Calculate the remainder when (0 + 19/(-2))*-2 is divided by b.
4
What is the remainder when (176/(-48))/((-2)/6) is divided by 7?
4
Let c(t) = 2*t**3 - 3*t**2 - 1. Let l be ((-1)/1 - 0) + 4. What is the remainder when c(l) is divided by 9?
8
Suppose -p = -4*j + 115, -5*j = -5*p + 70 - 210. Calculate the remainder when j is divided by 10.
9
Let p(o) = o**3 + 8*o**2 + 9*o + 8. What is the remainder when 129 is divided by p(-6)?
25
Suppose -4 = d, -3*d - 24 = -j + d. Let l = 4 + 1. Suppose -2*n = 2*p - 34, 3*n = l*p + 17 - 78. Calculate the remainder when p is divided by j.
6
Suppose -3*n = -5*t + 3*t + 18, 5*n = -4*t - 8. Suppose t*w - 30 = j, j = 4*w + 2*j - 47. Calculate the remainder when 31 is divided by w.
9
Suppose 2*p - p - 15 = 0. What is the remainder when 6*3/6*(-84)/(-9) is divided by p?
13
Suppose -7*m + m = -66. Calculate the remainder when 16 is divided by m.
5
Let w(m) = -m**2 + 6*m + 4. Let y be w(5). Let a(k) = 2*k - 10. Let j = -17 + 40. Calculate the remainder when j is divided by a(y).
7
Suppose 0 = -w - 3*w + 40. Suppose 19*n - 22*n + 117 = 0. What is the remainder when n is divided by w?
9
Let k = 60 - 33. Let r be 3 - (-1 + k + 2). Let p = r + 46. What is the remainder when 40 is divided by p?
19
Let i = -93 - -99. Calculate the remainder when 23 is divided by i.
5
Let h = 16 + -10. Let k(t) = t + 5 - 2 - t**3 + h. What is the remainder when k(0) is divided by 5?
4
Suppose -3*u + 7 = 1. Suppose u*r - 6 = -4*o, 3*r - 3*o - 72 = -27. Calculate the remainder when 42 is divided by r.
9
Suppose -2*u = n - 9, 1 = u + 4*n - 0. Suppose u*a = 59 + 21. Suppose a = -4*q + 5*q. Calculate the remainder when 46 is divided by q.
14
Suppose -5*q = -4*q + 23. Let r = 9 - q. Suppose -4*v - 12 = 4*h - 76, 4*v + 2*h - 54 = 0. Calculate the remainder when r is divided by v.
10
Suppose 3*p = -5*t - 2*p + 35, -3*p = -4*t + 7. Let h = t + -1. Let l = h + 5. Calculate the remainder when 15 is divided by l.
7
Let z = 2 - 14. What is the remainder when (z/(-8))/((-15)/(-80)) is divided by 5?
3
Suppose -m - 9 = -4*w, w + m + 1 = -2*m. What is the remainder when w is divided by 1?
0
Let r = 11 - 7. Suppose 0 = -r*u - 0*u. Suppose u = 2*p + 3*p - 110. Calculate the remainder when p is divided by 8.
6
Suppose 0 = 2*l - 0*l - 18. Calculate the remainder when l is divided by 6.
3
Suppose -8*v + 79 = -1. Calculate the remainder when 78 is divided by v.
8
Suppose 0 = 3*k + 2*g + 21, 4*k - 3*g = -5*g - 26. Let p be k/(-25) - 1/5. Suppose 4*m - 38 - 6 = p. Calculate the remainder when 31 is divided by m.
9
Let l = -53 - -87. Suppose i + 5*z = l, -2*i + 0*i + z + 46 = 0. What is the remainder when i is divided by 9?
6
Let r = -8 + 34. Let x = r + -16. Calculate the remainder when 28 is divided by x.
8
Let m(o) = -o**2 + 14*o - 12. Calculate the remainder when m(5) is divided by 13.
7
Let y = -12 + 71. Calculate the remainder when y is divided by 12.
11
Let k(z) = 2*z + 1. Let b be k(2). Suppose 5*u = -b*n + 95 + 45, 0 = -2*u + 4*n + 68. Calculate the remainder when u is divided by 16.
14
Suppose 7 = 2*h - 9. Suppose 15 = 4*v + x + 2*x, x - 16 = -5*v. What is the remainder when h is divided by v?
2
Let u(f) = 7*f**2 + 4*f + 2. Calculate the remainder when u(-2) is divided by 8.
6
Let t = 14 + -8. Let c = -3 + t. Suppose -5*p - 28 = -c*u + u, -5*p = -3*u + 42. What is the remainder when 41 is divided by u?
13
Let i be (-195)/(-1*(0 + 1)). Suppose -6*z + i = -z. What is the remainder when z is divided by 20?
19
What is the remainder when (-3)/(-4) - (-1379)/28 is divided by 26?
24
Let r = 4 - 4. Suppose 26 = j + 2*s + 5, r = 2*j - 3*s - 28. Suppose 2*b - 66 = 5*i, -b - 2*b + i + 99 = 0. Calculate the remainder when b is divided by j.
16
Suppose 0 = -5*z - 0*z + 10. Suppose -40 = -6*a + z*a. What is the remainder when 17 is divided by a?
7
Suppose 24 = 2*h - 6*h. Let b = -2 - h. Calculate the remainder when 6 is divided by b.
2
Let o(l) = -4*l - 20. What is the remainder when o(-16) is divided by 24?
20
Suppose 2*v = 115 - 103. Let k be (-416)/(-10) - 4/(-10). Suppose -4*x + k = -z, z = -5*x + 53 + 4. Calculate the remainder when x is divided by v.
5
Let s = 9 + -14. Let l be 1/s + 91/5. Suppose -4*n + 2 = l, -3*d + 12 = 3*n. What is the remainder when 14 is divided by d?
6
Let i = 23 - 14. Suppose -8*f + i*f = 11. What is the remainder when f is divided by 4?
3
Suppose -x + 9 = 3. Calculate the remainder when 23 is divided by x.
5
Let o(x) = x**3 + 6*x**2 + 4*x - 6. Let n be o(-5). Let m be 1 + n/(-1 - -2). Calculate the remainder when (3 - (-102)/3) + m is divided by 13.
11
Let c(z) = -2*z**2 - z. Let k be c(-1). Calculate the remainder when 3 + (-34)/k - -1 is divided by 20.
18
Suppose -54 = 4*h - 6*h. Suppose -35 = -g + h. Suppose -q + 3*q = g. What is the remainder when q is divided by 16?
15
Let u(l) = l**3 - 6*l**2 + 2*l + 5. Calculate the remainder when u(6) is divided by (3/2)/(9/54).
8
Suppose -5*p + 44 = t + 6, t - 38 = 4*p. What is the remainder when t is divided by 10?
8
Suppose 5*l - 2*b = 210, -3*l - 4*b = -168 + 42. Calculate the remainder when l is divided by 2*-1 - (1 + -18).
12
Suppose 462 - 66 = -3*v. Let o = -7 + 22